igit of w?
4
Suppose -2*l - 3019 + 14529 = 0. Suppose 16*h - l = -683. What is the hundreds digit of h?
3
Let w = 11204 + 1424. What is the ten thousands digit of w?
1
Suppose -2*j - 5*u = -19577, -2*j - 24*u + 19640 = -28*u. What is the units digit of j?
6
Let c = 189 - 1474. Let z = c - -2190. What is the hundreds digit of z?
9
Let u(v) = -v**3 - 20*v**2 - 38*v - 30. Let g be u(-18). What is the units digit of (1 - g/(-6))/(4/1546)?
3
Let m be (-965 - 0)*(-4)/5. Let x = 1111 - m. What is the units digit of x?
9
Let z(f) = f**3 + 8*f**2 - 3*f - 25. Let b be z(-7). Suppose d - 51 + b = 0. Suppose 0 = -2*o - 2*r + 364, d*o - r - 940 = o. What is the tens digit of o?
8
Let j = -4107 - -6918. What is the thousands digit of j?
2
Suppose 0 = x - 12527 - 27151. What is the thousands digit of x?
9
Let f = -26 + 32. Suppose -3*h = -f*h + 1167. What is the hundreds digit of h?
3
Let z be ((-28)/(-8) + -4)*-34. Let h be -2*(z/(-14) - (-8)/(-28)). Suppose -3*w + h*y + 81 = -0*y, -3*y = -5*w + 143. What is the tens digit of w?
3
Let i(x) = -150*x + 2273. What is the hundreds digit of i(13)?
3
Let p be (5 + 19)/(4/(-46)). Let v = 416 - p. What is the tens digit of v?
9
Suppose -9*a - 6*a = 6*a - 207039. What is the units digit of a?
9
Suppose -c + 19 - 14 = 0. Suppose 3*j + 2*k - 20 = 0, -j - 20 = -c*j + 4*k. Suppose 0 = -3*p - j*p + 243. What is the tens digit of p?
2
Let g = 2889 - 2710. Let s(r) = -17*r + 4. Let u be s(5). Let v = g + u. What is the units digit of v?
8
Suppose 3*k - 5738 = -455. Suppose 16*d - 19*d = -k. What is the units digit of d?
7
Let a = -45487 - -90189. What is the ten thousands digit of a?
4
Let s(h) = -h**3 - 17*h**2 - 15*h + 21. Let f be s(-16). Let u be ((-198)/45)/11 + 987/f. What is the units digit of 3 + 5 + u + 1?
6
Let t(f) = 2103*f + 2304. What is the thousands digit of t(8)?
9
Let u(v) = 4*v - 62. Let f be u(8). What is the tens digit of (-10)/75 - 25084/f?
3
Let y(z) = 413 - 199 - z**3 - 3*z - 3*z**2 - 203. Suppose 0 = -5*p + 2*p - 18. What is the tens digit of y(p)?
3
Suppose -165189 = -5*t - 2*g, 0 = 3*t + 4*g - 16670 - 82449. What is the ten thousands digit of t?
3
Let c(s) = 87*s**2 - 2*s + 43. What is the hundreds digit of c(-10)?
7
Let o be 3 + (-39)/15 + (-3)/(-5). Suppose 4 = 5*v - o. Let n(d) = 105*d**3 - 3*d**2 + 3*d - 1. What is the tens digit of n(v)?
0
Let d be (20/6)/((12/9)/2). Suppose -4*y + 0*y - 4527 = d*j, -2*y + 4*j - 2296 = 0. What is the units digit of y/(-14) + (-28)/98?
1
What is the units digit of (-133990)/(-20) + (-4)/8?
9
Suppose -2*c = 4*o - 39926 + 3574, -72782 = -4*c + 5*o. What is the hundreds digit of c?
1
Suppose -34 = -409*f + 392*f. Suppose o - 5*o + 28 = 4*b, -b - 9 = -3*o. Suppose b*x - 3*a - 153 = 0, 2*x - f*a - 108 = 2*a. What is the units digit of x?
8
Suppose 19845 = 5*y + l + 645, 4*y = -3*l + 15349. What is the units digit of y?
1
Suppose -7*c - 79 = -h - 3*c, 4*h + 5*c = 295. What is the tens digit of -3*(0 - 4 - h)?
3
Suppose -152*p + 759245 = -112*p - 115115. What is the tens digit of p?
5
Let d = 188 - 2607. Let w = 3391 + d. What is the units digit of w?
2
Suppose -5*p + 119272 = 5*v - 46503, v - 33163 = -3*p. What is the hundreds digit of v?
1
Let c be ((-156)/(-54)*3)/((-1)/3). Let j be 17920/130 - 4/c. Let z = j - 40. What is the tens digit of z?
9
Suppose -1618 + 18557 = l + 10*v, 3*l + v = 50643. What is the thousands digit of l?
6
Let y(x) = 106*x + 2. Let o(r) = 104*r + 4. Let f(m) = -6*o(m) + 5*y(m). What is the hundreds digit of f(-5)?
4
Suppose 254767 = 52*x - 232733. What is the hundreds digit of x?
3
Let l be (18/(-5))/(3/(-105)). Let n = 1714 + -1694. Suppose 0 = -n*h + 17*h + l. What is the units digit of h?
2
Suppose 5*k - 19 = 3*w, 5*k + 3*w = 13 - 12. Suppose -140 = -k*g + 122. What is the units digit of g?
1
Let a(t) = -t**3 - 13*t**2 + 37*t - 33. Suppose 5*y + 0*c + 75 = 5*c, -c = -3*y - 49. What is the units digit of a(y)?
4
Let h(k) = -15*k - 15*k + 14*k**2 - 52 + 20 - 16*k. Let b(g) = 5*g**2 - 15*g - 11. Let i(j) = -17*b(j) + 6*h(j). What is the units digit of i(-10)?
5
Suppose 12*c + 186 - 570 = 0. Suppose 38658 = c*f - 9214. What is the units digit of f?
6
Suppose 0 = -9*i + 285 - 240. Suppose -c - i*h + 198 = 0, 4*c - 4*h - 741 = -7*h. What is the units digit of c?
3
Suppose 0*z + 3*z - 18 = 0. Let c be (12/(-27))/(4/36 - 1/3). Suppose 0 = -2*p + 3*g - z, -5*p - c*g = 3*g - 35. What is the units digit of p?
3
Let c be 132/45*3 + 3/15. Let z(x) = x**2 - 13*x + 17. Let s be z(c). Let m = s - -44. What is the tens digit of m?
2
Suppose -97*q + 2603625 = -40*q + 68*q. What is the units digit of q?
9
Suppose 2687 = 4*y - 365. Let s(f) = -10*f + 91. Let v be s(-14). Suppose 7*b - y = -v. What is the tens digit of b?
7
Suppose 3*u - w - 31 = 0, -23*u + 18*u = 2*w - 48. Let o be ((-20)/(-6))/((-6)/(-27)). Suppose 810 = o*r - u*r. What is the hundreds digit of r?
1
Suppose 0 = -4*t - 8*t + 2376. Let p be (t/10)/(6/20). Let n = 117 - p. What is the units digit of n?
1
Suppose r = -2*a + 6757, 4*a + 5495 = 3*r - 14796. What is the units digit of r?
1
Let b be ((-7)/7)/(3/(-15)). What is the tens digit of 407/b - 18/45?
8
Let d(p) = -2*p**3 - 6*p**2 + 4*p + 8. Let x be d(-5). Let t = x + -134. What is the tens digit of t/161 + 1208/14?
8
Suppose 49 = 13*y + 10. Suppose -y*u - 3*r = -0*u - 762, -3*u - 2*r + 763 = 0. What is the tens digit of u?
5
Suppose 3*c - 2*a = 105 + 18, -c + 3*a + 34 = 0. Suppose d + c - 55 = 0. What is the units digit of d?
2
Let u = -266 - -205. Let y = u - -178. What is the hundreds digit of y?
1
Let r = -10523 - -20900. What is the ten thousands digit of r?
1
Let j(o) = -26 - 20*o + 3*o - 19*o. Let a be (24/132*-22)/(-1 + 3). What is the tens digit of j(a)?
4
Let f(d) = d**3 - 8*d**2 + 5*d + 54. Let o be f(6). Let k be 31/2 + (-1)/(-2). Let i = k + o. What is the units digit of i?
8
Let k(u) = -u**3 - 15*u**2 + 42*u - 184. What is the hundreds digit of k(-24)?
9
Let s be (5 + (-35)/10)*2. Suppose 3*j + 150 = -0*b + 2*b, 5*j + 226 = s*b. What is the tens digit of b?
7
Let w(s) = -5*s + 117. Let l be w(23). Suppose p - l*a = 531, -4*a = -56 + 36. What is the tens digit of p?
4
Let o be 97652/(-76) + 10/(-95). What is the units digit of (94 - 103) + (1 - o)?
7
Suppose 246462 + 23731 = 21*s - 107324. What is the tens digit of s?
7
Suppose 4*t - 9*t - 5*l + 15 = 0, t - 2*l = 9. Suppose 3*x - 1323 = -t*m, 0 = 4*x - 3*x + 4. What is the units digit of m?
7
Suppose -5*g - 264 = -3*t, 4*g = 10*t - 11*t + 105. What is the tens digit of t?
9
Let x = 7161 - 4830. What is the tens digit of x?
3
Let l = -11 + -391. Let t = l + 537. What is the units digit of t?
5
Suppose 4*o - d - 67141 = 0, o + 21*d + 16889 = 2*o. What is the hundreds digit of o?
7
Suppose w + 46 = 49. Suppose 5*s = 2*y + 14, 2*s = y - w*s + 12. Let k = y + 3. What is the units digit of k?
1
Let f = 10 + -12. Let l be -3 - -82 - -2 - f. Suppose 2*i + 2*c = 190, -i + c - 5*c + l = 0. What is the tens digit of i?
9
Let g(i) = -38*i - 166. Let r(b) = -75*b - 332. Let u(z) = -7*g(z) + 4*r(z). What is the tens digit of u(-10)?
7
Suppose -280*j - 50461 = -268*j - 303601. What is the units digit of j?
5
Let z(p) = 9*p**2 + 10*p + 5 - 3*p + 4*p + p**3. Let h = -20 - -13. What is the units digit of z(h)?
6
Let c(q) = q**2 - 13*q + 43. Let g be c(5). Suppose 4*x - 3*u - 2857 = 764, 0 = g*x + 5*u - 2723. What is the hundreds digit of x?
9
Let l(g) = 21*g**2 - 57*g + 1. Let m(t) = 11*t**2 + 40*t - 8. Let h be m(-4). What is the hundreds digit of l(h)?
8
What is the ten thousands digit of (-14 + 7287/14)/((-1)/(-46))?
2
Suppose -57518 - 6591 = -2*g + 5*u, -3*g = 5*u - 96176. What is the tens digit of g?
5
Suppose 0 = -a - 3, 3*y - 5*a - 151 = 1004. Let p = y + 82. What is the tens digit of p?
6
Let p(w) be the third derivative of 13*w**4/8 + 35*w**3/6 + 4*w**2 - 3. What is the units digit of p(10)?
5
Suppose 0 = 15*v + 10 - 40. Suppose -764 = -v*g - p, -2*g + 5*p + 950 = 186. What is the units digit of g?
2
Suppose -7*x + 55272 = 10*x - 9*x. What is the units digit of x?
9
Let i(j) = -j**2 - 22*j + 78. Let y be i(-24). Let b = y + 24. Suppose 5*p = b + 316. What is the units digit of p?
4
Let u = 287 - 75. Let s = u + 42. What is the tens digit of s?
5
Let t(l) = 2*l + 46. Let p be t(-